3131435
In base 13, what is -a37 + -7a375?
-7b0ac
In base 7, what is 50643354 - -3?
50643360
In base 12, what is 7963 - -966?
8709
In base 5, what is 2 - 342431244332?
-342431244330
In base 9, what is 17724666 - -3?
17724670
In base 11, what is -984a86 + -168?
-985143
In base 14, what is 133 - 3d66?
-3c33
In base 9, what is 1616 - 46684?
-45067
In base 5, what is 104 - -32112233?
32112342
In base 6, what is 2 + 222453240?
222453242
In base 3, what is -10000221121 + 102221200?
-2120222221
In base 4, what is -2 - 220201122201?
-220201122203
In base 6, what is -33520 - 2531?
-40451
In base 11, what is 12a7359 - -69?
12a7417
In base 11, what is 0 - -17748a9?
17748a9
In base 8, what is -60 - 220246?
-220326
In base 9, what is 374 + -222684?
-222310
In base 5, what is 31020344423 + -14?
31020344404
In base 12, what is 15a - -241a06?
241b64
In base 10, what is 928 + -243278?
-242350
In base 14, what is 72 - 5d22?
-5c90
In base 8, what is -5216 + 42207?
34771
In base 8, what is 1213304 - -1?
1213305
In base 14, what is -1344c - -753?
-12ad9
In base 11, what is 1740270 + -2?
1740269
In base 8, what is 137724311 + 2?
137724313
In base 9, what is 1 + -10462446?
-10462445
In base 5, what is -2 - 222122003111?
-222122003113
In base 7, what is 1653 + -11330?
-6344
In base 6, what is 42024030 - 5?
42024021
In base 15, what is 1 - ca14c4?
-ca14c3
In base 7, what is 113354 + -1231?
112123
In base 15, what is -317 - 2093b?
-20c53
In base 7, what is 4 + 4030062230?
4030062234
In base 4, what is 212310301212011 + -1?
212310301212010
In base 14, what is 7dc705 - cd?
7dc616
In base 7, what is 3643 - 215402?
-211426
In base 11, what is 731251 - -6?
731257
In base 5, what is -101 - 304413022?
-304413123
In base 7, what is 116 + -10221253?
-10221134
In base 3, what is 10221200001 - -1?
10221200002
In base 9, what is -31 + -33620605?
-33620636
In base 4, what is 1311 + 222312130?
222320101
In base 10, what is 6415 + -672?
5743
In base 4, what is -1030333 + 1001330?
-23003
In base 4, what is -23 - -32311121202?
32311121113
In base 5, what is 10231333001 + 12?
10231333013
In base 13, what is baaa8 - -6?
baab1
In base 9, what is 44702077 - 7?
44702070
In base 3, what is -1222221022210220 - -20?
-1222221022210200
In base 2, what is -10 + 1100110001110011011011?
1100110001110011011001
In base 6, what is -435025503 + -3?
-435025510
In base 10, what is 5 - -3319971?
3319976
In base 5, what is -11302422003 + 2?
-11302422001
In base 8, what is 74 - -263471?
263565
In base 4, what is -130102 + -203312?
-1000020
In base 14, what is 467923c + 4?
4679242
In base 8, what is 0 + 45062766?
45062766
In base 7, what is -20243 - 121261?
-141534
In base 2, what is 10010001111100 - -1110011110100?
100000101110000
In base 11, what is 27629 + -5?
27624
In base 9, what is 332 + 20542?
20874
In base 13, what is -70748917 + 5?
-70748912
In base 11, what is 653 + -13312?
-1276a
In base 12, what is -2 + -1ab77598?
-1ab7759a
In base 6, what is -100 + -32054520?
-32055020
In base 2, what is -10000111001000100011111 - 1?
-10000111001000100100000
In base 2, what is -10 + 10011001111110000010001?
10011001111110000001111
In base 13, what is -33 + 22a9b25?
22a9ac2
In base 14, what is 2d821c + 0?
2d821c
In base 3, what is 21100002 - 2002001?
12021001
In base 14, what is 13 - 58b02?
-58acd
In base 7, what is 6 + 13553434?
13553443
In base 11, what is -9 - 11612919?
-11612927
In base 2, what is -101101110000100110011110 + -11?
-101101110000100110100001
In base 4, what is 1320021100 + 3000?
1320030100
In base 10, what is -1490 - -930?
-560
In base 14, what is 7a - 35d?
-2c3
In base 14, what is -10ac3207 + -4?
-10ac320b
In base 7, what is -1161 - 1546321?
-1550512
In base 14, what is -1 + -19357bcc?
-19357bcd
In base 12, what is -17253 + -a559?
-257b0
In base 16, what is 77f906 + e?
77f914
In base 11, what is -1341498 + 7?
-1341491
In base 12, what is -878745a + -7?
-8787465
In base 13, what is -54063 - -53?
-54010
In base 11, what is -106aa346 - 2?
-106aa348
In base 16, what is 4a3f5d9 + 2?
4a3f5db
In base 13, what is 7886923 + -6?
788691a
In base 3, what is -1112222120020220 - 2?
-1112222120020222
In base 8, what is -20 - 2027154?
-2027174
In base 11, what is 3825 + 1a16?
5740
In base 8, what is 14 - -1250712?
1250726
In base 2, what is -1001101101100011001 - 100?
-1001101101100011101
In base 14, what is -cb5aa + 12?
-cb598
In base 8, what is -12137533 - 13?
-12137546
In base 5, what is -2230 - 131100?
-133330
In base 8, what is -51 + 15027232?
15027161
In base 8, what is -5 - -313076535?
313076530
In base 5, what is -131 + 240010422?
240010241
In base 3, what is -1102220110112000201 - 2?
-1102220110112000210
In base 4, what is -13 - 1323112233331?
-1323112300010
In base 10, what is -9 + 767606?
767597
In base 9, what is 117 + 122507?
122625
In base 16, what is -533f + 56a?
-4dd5
In base 2, what is 110 - -101000000110111110011000110?
101000000110111110011001100
In base 10, what is 33420 - 63?
33357
In base 5, what is -103141123 + -3100?
-103144223
In base 6, what is 22141552 - -235?
22142231
In base 10, what is 4 - -2513203?
2513207
In base 6, what is -114230 - 15404?
-134034
In base 8, what is -1104740 - 10140?
-1115100
In base 3, what is 1020022210022 + -11?
1020022210011
In base 16, what is -22736 + -885?
-22fbb
In base 14, what is -9 - -88071?
88066
In base 16, what is 2 + 376a1?
376a3
In base 5, what is -41 + -1003004112?
-1003004203
In base 11, what is 452a - 1610?
2a1a
In base 14, what is -7ba - 4d375?
-4db51
In base 10, what is -38 + -92565?
-92603
In base 2, what is 1111100011101 + 1111101001100?
11111001101001
In base 3, what is 1021010 - 11000011?
-2202001
In base 9, what is 1573 + -501124?
-488441
In base 11, what is 10a6508 - -3?
10a6510
In base 15, what is 531 + ec63?
10294
In base 13, what is 1580b5 - 8?
1580aa
In base 6, what is -5352012211 + 1?
-5352012210
In base 3, what is -1022 + -2021210?
-2100002
In base 5, what is 3421124 - 20432?
3400142
In base 2, what is 11001000011101110010101 - 11?
11001000011101110010010
In base 6, what is -223221111 + 1?
-223221110
In base 14, what is -121 + 6d3cb?
6d2aa
In base 4, what is 12031 + -10130300102?
-10130222011
In base 5, what is -430032300 + 42?
-430032203
In base 13, what is 122203 - 35?
12219b
In base 2, what is -1100010101 - -101001010?
-111001011
In base 3, what is -200 - -2101010221201?
2101010221001
In base 8, what is 54 + -303205?
-303131
In base 3, what is -101122020021 + 122020?
-101121121001
In base 15, what is 52 + 6516d?
651c0
In base 8, what is -424561507 + 1?
-424561506
In base 11, what is -19 + -331a7?
-33215
In base 16, what is 14e4f7b - -2?
14e4f7d
In base 14, what is a17 - 87a1?
-7b88
In base 8, what is 22 + 222302131?
222302153
In base 16, what is -ecd9b + -28?
-ecdc3
In base 6, what is 121134244 + 2?
121134250
In base 2, what is -100100111101001000 - 0?
-100100111101001000
In base 16, what is -2 - 166960c?
-166960e
In base 12, what is 6 - -70603a?
706044
In base 7, what is 60045 - -11661?
102036
In base 8, what is -4367246 - 26?
-4367274
In base 7, what is 615146 + -234?
614612
In base 15, what is -224d9 - -9a9?
-21a30
In base 10, what is 95445495 + 0?
95445495
In base 15, what is 19d - -57e2?
5990
In base 15, what is -3233ee - -159?
-323295
In base 6, what is 254 - 335543240?
-335542542
In base 9, what is -3154608112 - -1?
-3154608111
In base 14, what is 29c - 9d679?
-9d3bb
In base 13, what is 5c28bb - -5?
5c28c3
In base 14, what is -18178 + -8?
-18182
In base 3, what is 1122201 + 2210012200?
2211212101
In base 6, what is 530041 + 52?
530133
In base 11, what is -93a0934 - 5?
-93a0939
In base 12, what is 890a - 190?
873a
In base 11, what is 173 - -243062?
243225
In base 15, what is -19b7dcb - 1?
-19b7dcc
In base 6, what is -15022445 - -102?
-15022343
In base 14, what is b3 - -553476?
553549
In base 9, what is -488334 - 1233?
-500567
In base 9, what is -2381053 - -4?
-2381048
In base 11, what is 1a - 218439?
-21841a
In base 5, what is -43310144 - -1104?
-43304040
In base 14, what is -1c68d979 - -1?
-1c68d978
In base 8, what is -24 - -62303?
62257
In base 3, what is 110021 + -1110100012120?
-1110022202022
In base 10, what is 104 - -15439825?
15439929
In base 9, what is 63301231 + -1?
63301230
In base 4, what is 1021133130 +